{"id":56,"date":"2022-01-27T18:21:41","date_gmt":"2022-01-27T18:21:41","guid":{"rendered":"https:\/\/www.brianfinch-art.com\/new_site\/?page_id=56"},"modified":"2022-01-27T18:21:41","modified_gmt":"2022-01-27T18:21:41","slug":"press-articles","status":"publish","type":"page","link":"https:\/\/www.brianfinch-art.com\/index.php\/press-articles\/","title":{"rendered":"Press articles"},"content":{"rendered":"\n<h1 class=\"wp-block-heading\" id=\"brian-finch-premiere-exposition-en-france-et-c-est-a-menton\">Brian Finch, premi\u00e8re exposition en France et c\u2019est \u00e0 Menton<\/h1>\n\n\n\n<p>Brian Finch est le nom d\u2019art. Le plasticien anglais expose pour la premi\u00e8re fois en France \u00e0 la Galerie des Ambassadeurs de Menton.<\/p>\n\n\n\n<p><em><sup>Copyright artcotedazur.fr<\/sup><\/em><\/p>\n\n\n\n<h3 class=\"wp-block-heading\" id=\"il-presente-un-travail-photographique-particulierement-original-associant-manuscrits-anciens-dont-il-est-un-specialiste-reconnu-et-un-element-vegetal-fruit-legume-feuilles-etc\">Il pr\u00e9sente un travail photographique particuli\u00e8rement original associant manuscrits anciens (dont il est un sp\u00e9cialiste reconnu) et un \u00e9l\u00e9ment v\u00e9g\u00e9tal&nbsp;: fruit, l\u00e9gume, feuilles, etc.<\/h3>\n\n\n\n<figure class=\"wp-block-image size-full\"><img loading=\"lazy\" decoding=\"async\" width=\"450\" height=\"600\" src=\"https:\/\/www.brianfinch-art.com\/new_site\/wp-content\/uploads\/2022\/01\/mandarine-pourrie.jpeg\" alt=\"\" class=\"wp-image-57\" srcset=\"https:\/\/www.brianfinch-art.com\/wp-content\/uploads\/2022\/01\/mandarine-pourrie.jpeg 450w, https:\/\/www.brianfinch-art.com\/wp-content\/uploads\/2022\/01\/mandarine-pourrie-225x300.jpeg 225w\" sizes=\"auto, (max-width: 450px) 100vw, 450px\" \/><\/figure>\n\n\n\n<p><\/p>\n\n\n\n<p>Le&nbsp;\u00ab&nbsp;vivant&nbsp;\u00bb d\u00e9licatement d\u00e9pos\u00e9 sur \u00ab&nbsp;le pass\u00e9&nbsp;\u00bb (qu\u2019il oblit\u00e8re en partie) \u00e9voque la morsure du temps, la d\u00e9gradation qu\u2019il lui inflige (comme dans ces fruits ou l\u00e9gumes en cours de pourrissement) pouvant \u00eatre un danger pour le fragile manuscrit.<br><strong><br>Au del\u00e0 de la valeur esth\u00e9tique de l\u2019\u0153uvre, l\u2019effet est assez \u00e9tonnant et g\u00e9n\u00e8re un ensemble de questionnements sur lesquels Brian Finch nous \u00e9claire<\/strong>&nbsp;:<\/p>\n\n\n\n<h3 class=\"wp-block-heading\" id=\"existe-t-il-un-rapport-entre-le-manuscrit-choisi-et-le-fruit-qui-est-montre\">Existe-t-il un rapport entre le manuscrit choisi et le fruit qui est montr\u00e9&nbsp;?&nbsp;<\/h3>\n\n\n\n<p><strong>Brian Finch<\/strong>&nbsp;: Pas toujours et pas forc\u00e9ment, mais la plupart du temps, oui. Par exemple, dans la s\u00e9rie &#8220;<em>Sic transit gloria mundi<\/em>&#8221; (&#8220;Ainsi passe la gloire du monde&#8221;), j\u2019ai intentionnellement utilis\u00e9 des fruits pourris et des blasons de grandes familles (ou&nbsp;m\u00eame&nbsp;de villes) pour illustrer la gloire et le pouvoir qui sont souvent&nbsp;\u00e9ph\u00e9m\u00e8res. Mes photos, mes peintures et mes sculptures sont toutes des &#8220;<em>Memento mori<\/em>&#8221; (&#8220;Rappelle-toi que tu es mortel&#8221;), des sources d\u2019inspiration pour une r\u00e9flexion sur la vie et la mort. Notre passage sur cette terre fait de nous des nomades de la vie&nbsp;: nous changeons de place, de lieu de vie, de m\u00e9tier, de partenaire de vie, d\u2019\u00e9tat d\u2019\u00e2me. Et \u00e0 chaque fois, on commence un nouveau cycle, une nouvelle vie.&nbsp;<\/p>\n\n\n\n<h3 class=\"wp-block-heading\" id=\"y-a-t-il-quelque-chose-dans-le-texte-qui-evoque-le-fruit\">Y-a-t-il quelque chose dans le texte qui \u00e9voque le fruit&nbsp;?&nbsp;<\/h3>\n\n\n\n<p><strong>Brian Finch<\/strong>\u00a0: Dans quelques \u0153uvres, oui. Par exemple, dans la photo qui repr\u00e9sente une tomate pos\u00e9e sur un manuscrit, ce dernier d\u00e9crit la tomate et son utilisation, en sp\u00e9cifiant qu\u2019il s\u2019agit d\u2019un fruit et pas d\u2019un l\u00e9gume, comme on croit commun\u00e9ment. Sur la bulle papale de Gr\u00e9goire XVI (1765 &#8211; 1846)\u00a0j\u2019ai utilis\u00e9 une grappe de raisin Pinot noir, qui est utilis\u00e9 pour la fabrication du Champagne, dont ce pape \u00e9tait si friand. La pomme accompagne un document de 1793 qui d\u00e9crit le transport de diff\u00e9rentes marchandises du port de Livourne en Italie, dont des pommes.<\/p>\n\n\n\n<figure class=\"wp-block-image size-full\"><img loading=\"lazy\" decoding=\"async\" width=\"750\" height=\"563\" src=\"https:\/\/www.brianfinch-art.com\/new_site\/wp-content\/uploads\/2022\/01\/img-2006-1.jpeg\" alt=\"\" class=\"wp-image-59\" srcset=\"https:\/\/www.brianfinch-art.com\/wp-content\/uploads\/2022\/01\/img-2006-1.jpeg 750w, https:\/\/www.brianfinch-art.com\/wp-content\/uploads\/2022\/01\/img-2006-1-300x225.jpeg 300w\" sizes=\"auto, (max-width: 750px) 100vw, 750px\" \/><\/figure>\n\n\n\n<p><\/p>\n\n\n\n<h3 class=\"wp-block-heading\" id=\"pourquoi-avez-vous-associe-ces-deux-elements-particuliers\">Pourquoi avez-vous associ\u00e9 ces deux \u00e9l\u00e9ments particuliers&nbsp;?&nbsp;<\/h3>\n\n\n\n<p><strong>Brian Finch<\/strong>&nbsp;: Parce que j\u2019aime les contrastes. Et le contraste le plus saisissant est celui entre la vie et la mort. Un fruit est p\u00e9rissable, il vit tr\u00e8s peu et le temps qu\u2019il vit, il nous donne de la joie, voire du bonheur&nbsp;: il est beau et il est bon, mais il est \u00e9ph\u00e9m\u00e8re. Tandis qu\u2019un manuscrit nous survit des si\u00e8cles, voire des mill\u00e9naires. Comme les manuscrits bibliques qui ont 2000 ans et qui seront encore pr\u00e9sents bien apr\u00e8s nous. J\u2019ai voulu rappeler le fait qu\u2019il faut bien utiliser nos vies parce qu\u2019elles n\u2019ont qu\u2019un temps limit\u00e9 qui ne nous permettent pas toujours de r\u00e9parer le mal que nous faisons. Il est donc pr\u00e9f\u00e9rable d\u2019agir \u00e9thiquement, pour ne pas devoir &#8220;r\u00e9parer&#8221; ou regretter quoi que ce soit.<\/p>\n\n\n\n<figure class=\"wp-block-image size-full\"><img loading=\"lazy\" decoding=\"async\" width=\"500\" height=\"667\" src=\"https:\/\/www.brianfinch-art.com\/new_site\/wp-content\/uploads\/2022\/01\/img-2005.jpeg\" alt=\"\" class=\"wp-image-60\" srcset=\"https:\/\/www.brianfinch-art.com\/wp-content\/uploads\/2022\/01\/img-2005.jpeg 500w, https:\/\/www.brianfinch-art.com\/wp-content\/uploads\/2022\/01\/img-2005-225x300.jpeg 225w\" sizes=\"auto, (max-width: 500px) 100vw, 500px\" \/><\/figure>\n\n\n\n<h3 class=\"wp-block-heading\" id=\"est-ce-une-rencontre-esthetique-ou-y-a-t-il-autre-chose-a-decouvrir-autrement-dit-la-lecture-du-texte-nous-donnerait-elle-une-cle-de-comprehension-de-chaque-oeuvre\">Est-ce une rencontre esth\u00e9tique ou y-a-t-il autre chose \u00e0 d\u00e9couvrir, autrement dit, la lecture du texte nous donnerait-elle une cl\u00e9 de compr\u00e9hension de chaque \u0153uvre&nbsp;?<\/h3>\n\n\n\n<p><strong>Brian Finch<\/strong>&nbsp;: Un texte, pour qu\u2019il donne une cl\u00e9 de lecture, doit \u00eatre lu int\u00e9gralement. Or, dans mes \u0153uvres, on ne voit que des fragments de manuscrits. Par exemple, le manuscrit que j\u2019ai utilis\u00e9 pour la banane est un recueil de testaments d\u2019une m\u00eame famille qui commence en 1332 et finit en 1895&nbsp;: il a plus de 200 pages. Mais en le lisant int\u00e9gralement, on comprend l\u2019histoire de cette famille, ses d\u00e9boires, la haine ou l\u2019amour qui les a li\u00e9s, les vengeances, les peurs et les espoirs&#8230; Bref, la vie.<\/p>\n\n\n\n<h3 class=\"wp-block-heading\" id=\"en-confrontant-des-documents-manuscrits-a-des-vegetaux-l-artiste-nous-rappelle-combien-au-dela-du-temps-sont-complementaires-les-nourritures-spirituelles-et-materielles-mais-aussi-combien-l-invention-de-l-ecrit-support-de-la-pensee-et-de-sa-memoire-a-ete-un-moment-essentiel-et-determinant-de-l-histoire-de-l-humanite\">En confrontant des documents manuscrits \u00e0 des v\u00e9g\u00e9taux, l\u2019artiste nous rappelle combien, au del\u00e0 du temps, sont compl\u00e9mentaires les nourritures spirituelles et mat\u00e9rielles mais aussi combien l\u2019invention de l\u2019\u00e9crit, support de la pens\u00e9e et de sa m\u00e9moire a \u00e9t\u00e9 un moment essentiel et d\u00e9terminant de l\u2019histoire de l\u2019humanit\u00e9.<\/h3>\n\n\n\n<p>Si les premiers usages de l\u2019\u00e9criture (inventaires, recensements, catalogues, etc.) ont servi au contr\u00f4le de biens mat\u00e9riels, l\u2019\u00e9crit, par la suite, a permis aux hommes d\u2019organiser la socialisation, de promouvoir la libert\u00e9, et de continuer \u00e0 nous parler au-del\u00e0 du temps.<\/p>\n\n\n\n<figure class=\"wp-block-image size-large\"><img loading=\"lazy\" decoding=\"async\" width=\"1024\" height=\"768\" src=\"https:\/\/www.brianfinch-art.com\/new_site\/wp-content\/uploads\/2022\/01\/89d6f63a-b08f-4282-bbcc-98fe0c40f5e7-1024x768.jpeg\" alt=\"\" class=\"wp-image-61\" srcset=\"https:\/\/www.brianfinch-art.com\/wp-content\/uploads\/2022\/01\/89d6f63a-b08f-4282-bbcc-98fe0c40f5e7-1024x768.jpeg 1024w, https:\/\/www.brianfinch-art.com\/wp-content\/uploads\/2022\/01\/89d6f63a-b08f-4282-bbcc-98fe0c40f5e7-300x225.jpeg 300w, https:\/\/www.brianfinch-art.com\/wp-content\/uploads\/2022\/01\/89d6f63a-b08f-4282-bbcc-98fe0c40f5e7-768x576.jpeg 768w, https:\/\/www.brianfinch-art.com\/wp-content\/uploads\/2022\/01\/89d6f63a-b08f-4282-bbcc-98fe0c40f5e7-1536x1152.jpeg 1536w, https:\/\/www.brianfinch-art.com\/wp-content\/uploads\/2022\/01\/89d6f63a-b08f-4282-bbcc-98fe0c40f5e7-1568x1176.jpeg 1568w, https:\/\/www.brianfinch-art.com\/wp-content\/uploads\/2022\/01\/89d6f63a-b08f-4282-bbcc-98fe0c40f5e7.jpeg 2048w\" sizes=\"auto, (max-width: 1024px) 100vw, 1024px\" \/><\/figure>\n\n\n\n<hr class=\"wp-block-separator\"\/>\n\n\n\n<h1 class=\"wp-block-heading\" id=\"brian-finch-a-la-galerie-des-ambassadeurs\">Brian Finch \u00e0 la Galerie des Ambassadeurs<\/h1>\n\n\n\n<p>Publi\u00e9 par&nbsp;<a href=\"https:\/\/alainamiel.wordpress.com\/author\/alainamiel\/\">alainamiel<\/a><a href=\"https:\/\/alainamiel.wordpress.com\/2021\/01\/14\/brian-finch-a-la-galerie-des-ambassadeurs\/\"><time datetime=\"2021-01-14T21:17:28+01:00\">14 janvier 2021<\/time><\/a><\/p>\n\n\n\n<p>N\u00e9 \u00e0 Londres en 1964, Brian Finch est un plasticien anglais pr\u00e9sent\u00e9 pour la premi\u00e8re fois en France \u00e0 la Galerie des Ambassadeurs de Menton.\u00a0<\/p>\n\n\n\n<figure class=\"wp-block-image size-large\"><img loading=\"lazy\" decoding=\"async\" width=\"1024\" height=\"768\" src=\"https:\/\/www.brianfinch-art.com\/new_site\/wp-content\/uploads\/2022\/01\/ec463bb9-cd1f-4b45-b7f4-ab737a9629ef-1024x768.jpeg\" alt=\"\" class=\"wp-image-62\" srcset=\"https:\/\/www.brianfinch-art.com\/wp-content\/uploads\/2022\/01\/ec463bb9-cd1f-4b45-b7f4-ab737a9629ef-1024x768.jpeg 1024w, https:\/\/www.brianfinch-art.com\/wp-content\/uploads\/2022\/01\/ec463bb9-cd1f-4b45-b7f4-ab737a9629ef-300x225.jpeg 300w, https:\/\/www.brianfinch-art.com\/wp-content\/uploads\/2022\/01\/ec463bb9-cd1f-4b45-b7f4-ab737a9629ef-768x576.jpeg 768w, https:\/\/www.brianfinch-art.com\/wp-content\/uploads\/2022\/01\/ec463bb9-cd1f-4b45-b7f4-ab737a9629ef.jpeg 1478w\" sizes=\"auto, (max-width: 1024px) 100vw, 1024px\" \/><figcaption>De fructibus<\/figcaption><\/figure>\n\n\n\n<p><br>Il pr\u00e9sente un travail photographique particuli\u00e8rement original associant manuscrits anciens (dont il est un sp\u00e9cialiste reconnu) et un \u00e9l\u00e9ment v\u00e9g\u00e9tal : fruit, l\u00e9gume, feuilles, etc.<br>Le\u00a0\u00ab\u00a0vivant\u00a0\u00bb d\u00e9licatement d\u00e9pos\u00e9 sur \u00ab\u00a0le pass\u00e9\u00a0\u00bb (qu\u2019il oblit\u00e8re en partie) \u00e9voque la morsure du temps, la d\u00e9gradation qu\u2019il lui inflige (comme dans ces fruits ou l\u00e9gumes en cours de pourrissement) pouvant \u00eatre un danger pour le fragile manuscrit.<\/p>\n\n\n\n<p><\/p>\n\n\n\n<p>Au del\u00e0 de la valeur esth\u00e9tique de l\u2019\u0153uvre, l\u2019effet est assez \u00e9tonnant et g\u00e9n\u00e8re un ensemble de questionnements sur lesquels Brian Finch nous \u00e9claire :\u00a0<\/p>\n\n\n\n<figure class=\"wp-block-image size-large\"><img loading=\"lazy\" decoding=\"async\" width=\"1024\" height=\"768\" src=\"https:\/\/www.brianfinch-art.com\/new_site\/wp-content\/uploads\/2022\/01\/c40801eb-73a3-4395-8ba5-4a4231b5a310-1024x768.jpeg\" alt=\"\" class=\"wp-image-63\" srcset=\"https:\/\/www.brianfinch-art.com\/wp-content\/uploads\/2022\/01\/c40801eb-73a3-4395-8ba5-4a4231b5a310-1024x768.jpeg 1024w, https:\/\/www.brianfinch-art.com\/wp-content\/uploads\/2022\/01\/c40801eb-73a3-4395-8ba5-4a4231b5a310-300x225.jpeg 300w, https:\/\/www.brianfinch-art.com\/wp-content\/uploads\/2022\/01\/c40801eb-73a3-4395-8ba5-4a4231b5a310-768x576.jpeg 768w, https:\/\/www.brianfinch-art.com\/wp-content\/uploads\/2022\/01\/c40801eb-73a3-4395-8ba5-4a4231b5a310-1536x1152.jpeg 1536w, https:\/\/www.brianfinch-art.com\/wp-content\/uploads\/2022\/01\/c40801eb-73a3-4395-8ba5-4a4231b5a310-1568x1176.jpeg 1568w, https:\/\/www.brianfinch-art.com\/wp-content\/uploads\/2022\/01\/c40801eb-73a3-4395-8ba5-4a4231b5a310.jpeg 2048w\" sizes=\"auto, (max-width: 1024px) 100vw, 1024px\" \/><\/figure>\n\n\n\n<p><\/p>\n\n\n\n<p>Existe-t-il un rapport entre le manuscrit choisi et le fruit qui est montr\u00e9 ?\u00a0<br>Brian Finch : Pas toujours et pas forc\u00e9ment, mais la plupart du temps, oui. Par exemple,\u00a0 dans la s\u00e9rie<em>\u00a0\u00ab\u00a0Sic transit gloria mundi\u00a0\u00bb<\/em>\u00a0(\u00ab\u00a0Ainsi passe la gloire du monde\u00a0\u00bb), j\u2019ai intentionnellement utilis\u00e9 des fruits pourris et des blasons de grandes familles (ou\u00a0m\u00eame\u00a0de villes) pour illustrer la gloire et le pouvoir qui sont souvent\u00a0\u00e9ph\u00e9m\u00e8res. Mes photos, mes peintures et mes sculptures sont toutes des\u00a0<em>\u00ab\u00a0Memento mori\u00a0\u00bb<\/em>\u00a0(\u00ab\u00a0Rappelle-toi que tu es mortel\u00a0\u00bb), des sources d\u2019inspiration pour une r\u00e9flexion sur la vie et la mort. Notre passage sur cette terre fait de nous des nomades de la vie : nous changeons de place, de lieu de vie, de m\u00e9tier, de partenaire de vie, d\u2019\u00e9tat d\u2019\u00e2me. Et \u00e0 chaque fois, on commence un nouveau cycle, une nouvelle vie.\u00a0<\/p>\n\n\n\n<figure class=\"wp-block-image size-full\"><img loading=\"lazy\" decoding=\"async\" width=\"750\" height=\"1000\" src=\"https:\/\/www.brianfinch-art.com\/new_site\/wp-content\/uploads\/2022\/01\/d351e714-9152-4925-94cc-c4b537661353.jpeg\" alt=\"\" class=\"wp-image-64\" srcset=\"https:\/\/www.brianfinch-art.com\/wp-content\/uploads\/2022\/01\/d351e714-9152-4925-94cc-c4b537661353.jpeg 750w, https:\/\/www.brianfinch-art.com\/wp-content\/uploads\/2022\/01\/d351e714-9152-4925-94cc-c4b537661353-225x300.jpeg 225w\" sizes=\"auto, (max-width: 750px) 100vw, 750px\" \/><\/figure>\n\n\n\n<p><\/p>\n\n\n\n<p>Y-a-t-il quelque chose dans le texte qui \u00e9voque le fruit ?\u00a0<br>BF:\u00a0 Dans quelques \u0153uvres, oui. Par exemple, dans la photo qui repr\u00e9sente une tomate pos\u00e9e sur un manuscrit, ce dernier d\u00e9crit la tomate et son utilisation, en sp\u00e9cifiant qu\u2019il s\u2019agit d\u2019un fruit et pas d\u2019un l\u00e9gume, comme on croit commun\u00e9ment. Sur la bulle papale de Gr\u00e9goire XVI (1765 \u2013 1846) \u00a0j\u2019ai utilis\u00e9 une grappe de raisin Pinot noir, qui est utilis\u00e9 pour la fabrication du Champagne, dont ce pape \u00e9tait si friand. La pomme accompagne un document de 1793 qui d\u00e9crit le transport de diff\u00e9rentes marchandises du\u00a0 port de Livourne en Italie, dont des pommes.<\/p>\n\n\n\n<figure class=\"wp-block-image size-large\"><img loading=\"lazy\" decoding=\"async\" width=\"1024\" height=\"768\" src=\"https:\/\/www.brianfinch-art.com\/new_site\/wp-content\/uploads\/2022\/01\/d080f600-b97a-420d-8d69-b88792931e2f-1024x768.jpeg\" alt=\"\" class=\"wp-image-65\" srcset=\"https:\/\/www.brianfinch-art.com\/wp-content\/uploads\/2022\/01\/d080f600-b97a-420d-8d69-b88792931e2f-1024x768.jpeg 1024w, https:\/\/www.brianfinch-art.com\/wp-content\/uploads\/2022\/01\/d080f600-b97a-420d-8d69-b88792931e2f-300x225.jpeg 300w, https:\/\/www.brianfinch-art.com\/wp-content\/uploads\/2022\/01\/d080f600-b97a-420d-8d69-b88792931e2f-768x576.jpeg 768w, https:\/\/www.brianfinch-art.com\/wp-content\/uploads\/2022\/01\/d080f600-b97a-420d-8d69-b88792931e2f-1536x1152.jpeg 1536w, https:\/\/www.brianfinch-art.com\/wp-content\/uploads\/2022\/01\/d080f600-b97a-420d-8d69-b88792931e2f-1568x1176.jpeg 1568w, https:\/\/www.brianfinch-art.com\/wp-content\/uploads\/2022\/01\/d080f600-b97a-420d-8d69-b88792931e2f.jpeg 2048w\" sizes=\"auto, (max-width: 1024px) 100vw, 1024px\" \/><\/figure>\n\n\n\n<p><\/p>\n\n\n\n<p>Pourquoi avez-vous associ\u00e9 ces deux \u00e9l\u00e9ments particuliers ?&nbsp;<br>BF : Parce que j\u2019aime les contrastes. Et le contraste le plus saisissant est celui entre la vie et la mort. Un fruit est p\u00e9rissable, il vit tr\u00e8s peu et le temps qu\u2019il vit, il nous donne de la joie, voire du bonheur : il est beau et il est bon, mais il est \u00e9ph\u00e9m\u00e8re. Tandis qu\u2019un manuscrit nous survit des si\u00e8cles, voire des mill\u00e9naires. Comme les manuscrits bibliques qui ont 2000 ans et qui seront encore pr\u00e9sents bien apr\u00e8s nous. J\u2019ai voulu rappeler le fait qu\u2019il faut bien utiliser nos vies parce qu\u2019elles n\u2019ont qu\u2019un temps limit\u00e9 qui ne nous permettent pas toujours&nbsp; de r\u00e9parer le mal que nous faisons. Il est donc pr\u00e9f\u00e9rable d\u2019agir&nbsp; \u00e9thiquement, pour ne pas devoir \u00ab&nbsp;r\u00e9parer&nbsp;\u00bb ou regretter quoi que ce soit.<\/p>\n\n\n\n<p>Est-ce une rencontre esth\u00e9tique ou y-a-t-il autre chose \u00e0 d\u00e9couvrir, autrement dit, la lecture du texte nous donnerait-elle une cl\u00e9 de compr\u00e9hension de chaque \u0153uvre ?<br>BF : Un texte, pour qu\u2019il donne une cl\u00e9 de lecture, doit \u00eatre lu int\u00e9gralement. Or, dans mes \u0153uvres, on ne voit que des fragments de manuscrits. Par exemple, le manuscrit que j\u2019ai utilis\u00e9 pour la banane est un recueil de testaments d\u2019une m\u00eame famille qui commence en 1332 et finit en 1895: il a plus de 200 pages. Mais en le lisant int\u00e9gralement, on comprend l\u2019histoire de cette famille, ses d\u00e9boires, la haine ou l\u2019amour qui les a li\u00e9s, les vengeances, les peurs et les espoirs\u2026 Bref, la vie.<\/p>\n\n\n\n<figure class=\"wp-block-image size-large\"><img loading=\"lazy\" decoding=\"async\" width=\"768\" height=\"1024\" src=\"https:\/\/www.brianfinch-art.com\/new_site\/wp-content\/uploads\/2022\/01\/0966e474-d913-4657-8677-822eaa7a7b61-768x1024.jpeg\" alt=\"\" class=\"wp-image-66\" srcset=\"https:\/\/www.brianfinch-art.com\/wp-content\/uploads\/2022\/01\/0966e474-d913-4657-8677-822eaa7a7b61-768x1024.jpeg 768w, https:\/\/www.brianfinch-art.com\/wp-content\/uploads\/2022\/01\/0966e474-d913-4657-8677-822eaa7a7b61-225x300.jpeg 225w, https:\/\/www.brianfinch-art.com\/wp-content\/uploads\/2022\/01\/0966e474-d913-4657-8677-822eaa7a7b61-1152x1536.jpeg 1152w, https:\/\/www.brianfinch-art.com\/wp-content\/uploads\/2022\/01\/0966e474-d913-4657-8677-822eaa7a7b61.jpeg 1536w\" sizes=\"auto, (max-width: 768px) 100vw, 768px\" \/><\/figure>\n\n\n\n<p><\/p>\n\n\n\n<p>En confrontant des documents manuscrits \u00e0 des v\u00e9g\u00e9taux, l\u2019artiste nous rappelle combien, au del\u00e0 du temps, sont compl\u00e9mentaires les nourritures spirituelles et mat\u00e9rielles mais aussi combien l\u2019invention de l\u2019\u00e9crit, support de la pens\u00e9e et de sa m\u00e9moire a \u00e9t\u00e9 un moment essentiel et d\u00e9terminant de l\u2019histoire de l\u2019humanit\u00e9.&nbsp;<\/p>\n\n\n\n<p>Si les premiers usages de l\u2019\u00e9criture (inventaires, recensements, catalogues, etc.) ont servi au contr\u00f4le de biens mat\u00e9riels, l\u2019\u00e9crit, par la suite, a permis aux hommes d\u2019organiser la socialisation, de promouvoir la libert\u00e9, et de continuer \u00e0 nous parler au-del\u00e0 du temps.<\/p>\n","protected":false},"excerpt":{"rendered":"<p>Brian Finch, premi\u00e8re exposition en France et c\u2019est \u00e0 Menton Brian Finch est le nom d\u2019art. Le plasticien anglais expose pour la premi\u00e8re fois en France \u00e0 la Galerie des Ambassadeurs de Menton. Copyright artcotedazur.fr Il pr\u00e9sente un travail photographique particuli\u00e8rement original associant manuscrits anciens (dont il est un sp\u00e9cialiste reconnu) et un \u00e9l\u00e9ment v\u00e9g\u00e9tal&nbsp;: &hellip; <\/p>\n<p class=\"link-more\"><a href=\"https:\/\/www.brianfinch-art.com\/index.php\/press-articles\/\" class=\"more-link\">Leggi tutto<span class=\"screen-reader-text\"> &#8220;Press articles&#8221;<\/span><\/a><\/p>\n","protected":false},"author":1,"featured_media":0,"parent":0,"menu_order":0,"comment_status":"closed","ping_status":"closed","template":"","meta":{"footnotes":""},"class_list":["post-56","page","type-page","status-publish","hentry","entry"],"_links":{"self":[{"href":"https:\/\/www.brianfinch-art.com\/index.php\/wp-json\/wp\/v2\/pages\/56","targetHints":{"allow":["GET"]}}],"collection":[{"href":"https:\/\/www.brianfinch-art.com\/index.php\/wp-json\/wp\/v2\/pages"}],"about":[{"href":"https:\/\/www.brianfinch-art.com\/index.php\/wp-json\/wp\/v2\/types\/page"}],"author":[{"embeddable":true,"href":"https:\/\/www.brianfinch-art.com\/index.php\/wp-json\/wp\/v2\/users\/1"}],"replies":[{"embeddable":true,"href":"https:\/\/www.brianfinch-art.com\/index.php\/wp-json\/wp\/v2\/comments?post=56"}],"version-history":[{"count":1,"href":"https:\/\/www.brianfinch-art.com\/index.php\/wp-json\/wp\/v2\/pages\/56\/revisions"}],"predecessor-version":[{"id":67,"href":"https:\/\/www.brianfinch-art.com\/index.php\/wp-json\/wp\/v2\/pages\/56\/revisions\/67"}],"wp:attachment":[{"href":"https:\/\/www.brianfinch-art.com\/index.php\/wp-json\/wp\/v2\/media?parent=56"}],"curies":[{"name":"wp","href":"https:\/\/api.w.org\/{rel}","templated":true}]}}